{"id":6846,"date":"2023-10-11T14:18:22","date_gmt":"2023-10-11T12:18:22","guid":{"rendered":"http:\/\/www.eklg.hu\/?page_id=6846"},"modified":"2024-10-14T11:32:37","modified_gmt":"2024-10-14T09:32:37","slug":"media-informatika-tagozat-0060","status":"publish","type":"page","link":"http:\/\/www.eklg.hu\/index.php\/tartozz-kozenk-legyel-te-is-kossuthos\/tagozataink\/media-informatika-tagozat-0060\/","title":{"rendered":"Emelt szint\u0171 digit\u00e1lis kult\u00fara tagozat m\u00e9dia szakir\u00e1nnyal (0060)"},"content":{"rendered":"<div class=\"wp-block-image\">\n<figure class=\"alignright size-large is-resized\"><img loading=\"lazy\" decoding=\"async\" width=\"1024\" height=\"576\" src=\"http:\/\/www.eklg.hu\/wp-content\/uploads\/2023\/10\/A-Neumann-kupa-gyoztesei-1024x576.jpg\" alt=\"\" class=\"wp-image-6849\" style=\"width:256px;height:144px\" srcset=\"http:\/\/www.eklg.hu\/wp-content\/uploads\/2023\/10\/A-Neumann-kupa-gyoztesei-1024x576.jpg 1024w, http:\/\/www.eklg.hu\/wp-content\/uploads\/2023\/10\/A-Neumann-kupa-gyoztesei-300x169.jpg 300w, http:\/\/www.eklg.hu\/wp-content\/uploads\/2023\/10\/A-Neumann-kupa-gyoztesei-768x432.jpg 768w, http:\/\/www.eklg.hu\/wp-content\/uploads\/2023\/10\/A-Neumann-kupa-gyoztesei-1536x864.jpg 1536w, http:\/\/www.eklg.hu\/wp-content\/uploads\/2023\/10\/A-Neumann-kupa-gyoztesei.jpg 1920w\" sizes=\"auto, (max-width: 1024px) 100vw, 1024px\" \/><\/figure>\n<\/div>\n\n\n<p>Az <strong>emelt szint\u0171 digit\u00e1lis kult\u00fara tagozat<\/strong>os tanul\u00f3k a n\u00e9gy \u00e9v sor\u00e1n megtanulj\u00e1k a nyomtatott \u00e9s az elektronikus sajt\u00f3term\u00e9kek k\u00e9sz\u00edt\u00e9s\u00e9nek m\u00f3dj\u00e1t, elsaj\u00e1t\u00edtj\u00e1k a fot\u00f3z\u00e1s, a filmk\u00e9sz\u00edt\u00e9s \u00e9s a komplex m\u00e9diaterm\u00e9kek el\u0151\u00e1ll\u00edt\u00e1s\u00e1nak folyamat\u00e1t. Az oktat\u00e1s sor\u00e1n nagy hangs\u00falyt fektet\u00fcnk az informatikai h\u00e1tt\u00e9rre mind hardveres, mind szoftveres ter\u00fcleten. Korszer\u0171 infokommunik\u00e1ci\u00f3s eszk\u00f6z\u00f6kkel, fot\u00f3 \u00e9s vide\u00f3technikai\u00a0h\u00e1tt\u00e9rrel, oktat\u00f3 telev\u00edzi\u00f3 st\u00fadi\u00f3val \u00e9s j\u00f3l k\u00e9pzett pedag\u00f3gusokkal v\u00e1rjuk leend\u0151 tanul\u00f3inkat.\u00a0<\/p>\n\n\n<div class=\"wp-block-image\">\n<figure class=\"alignright size-large is-resized\"><img loading=\"lazy\" decoding=\"async\" width=\"1024\" height=\"576\" src=\"http:\/\/www.eklg.hu\/wp-content\/uploads\/2023\/10\/5.-Nyilt-nap-a-Kossuthban-1024x576.jpg\" alt=\"\" class=\"wp-image-6850\" style=\"width:256px;height:144px\" srcset=\"http:\/\/www.eklg.hu\/wp-content\/uploads\/2023\/10\/5.-Nyilt-nap-a-Kossuthban-1024x576.jpg 1024w, http:\/\/www.eklg.hu\/wp-content\/uploads\/2023\/10\/5.-Nyilt-nap-a-Kossuthban-300x169.jpg 300w, http:\/\/www.eklg.hu\/wp-content\/uploads\/2023\/10\/5.-Nyilt-nap-a-Kossuthban-768x432.jpg 768w, http:\/\/www.eklg.hu\/wp-content\/uploads\/2023\/10\/5.-Nyilt-nap-a-Kossuthban-1536x864.jpg 1536w, http:\/\/www.eklg.hu\/wp-content\/uploads\/2023\/10\/5.-Nyilt-nap-a-Kossuthban.jpg 1920w\" sizes=\"auto, (max-width: 1024px) 100vw, 1024px\" \/><\/figure>\n<\/div>\n\n\n<p>FELV\u00c9TELI K\u00d6VETELM\u00c9NY:<\/p>\n\n\n\n<ul class=\"wp-block-list\">\n<li>7. oszt\u00e1ly \u00e9v v\u00e9gi, 8. oszt\u00e1ly f\u00e9l\u00e9vi eredm\u00e9nyek a k\u00e9szs\u00e9gt\u00e1rgyak kiv\u00e9tel\u00e9vel. A magyar irodalom \u00e9s az informatika tant\u00e1rgyak \u00e9rdemjegyeit k\u00e9tszeres szorz\u00f3val sz\u00e1m\u00edtjuk.<\/li>\n\n\n\n<li>K\u00f6zponti \u00edr\u00e1sbeli felv\u00e9teli magyar nyelv \u00e9s irodalomb\u00f3l, illetve matematik\u00e1b\u00f3l.<\/li>\n\n\n\n<li>\u00c1ltal\u00e1nos elbesz\u00e9lget\u00e9s<\/li>\n<\/ul>\n\n\n\n<p>PONTOK SZ\u00c1M\u00cdT\u00c1SA<\/p>\n\n\n\n<figure class=\"wp-block-table is-style-stripes\"><table><tbody><tr><td class=\"has-text-align-center\" data-align=\"center\">Szerzett pontok:<\/td><td class=\"has-text-align-center\" data-align=\"center\">50 pont<\/td><td><\/td><\/tr><tr><td class=\"has-text-align-center\" data-align=\"center\">Hozott pontok:<\/td><td class=\"has-text-align-center\" data-align=\"center\">30 pont<\/td><td><\/td><\/tr><tr><td class=\"has-text-align-center\" data-align=\"center\">Sz\u00f3beli elbesz\u00e9lget\u00e9s:<\/td><td class=\"has-text-align-center\" data-align=\"center\">20 pont<\/td><td><\/td><\/tr><tr><td class=\"has-text-align-center\" data-align=\"center\">\u00d6sszesen:<\/td><td class=\"has-text-align-center\" data-align=\"center\">100 pont<\/td><td><\/td><\/tr><\/tbody><\/table><\/figure>\n","protected":false},"excerpt":{"rendered":"<p>Az emelt szint\u0171 digit\u00e1lis kult\u00fara tagozatos tanul\u00f3k a n\u00e9gy \u00e9v sor\u00e1n megtanulj\u00e1k a nyomtatott \u00e9s az elektronikus sajt\u00f3term\u00e9kek k\u00e9sz\u00edt\u00e9s\u00e9nek m\u00f3dj\u00e1t, &hellip; <\/p>\n","protected":false},"author":1,"featured_media":6848,"parent":6824,"menu_order":0,"comment_status":"closed","ping_status":"closed","template":"","meta":{"ngg_post_thumbnail":0,"footnotes":""},"class_list":["post-6846","page","type-page","status-publish","has-post-thumbnail","hentry"],"_links":{"self":[{"href":"http:\/\/www.eklg.hu\/index.php\/wp-json\/wp\/v2\/pages\/6846","targetHints":{"allow":["GET"]}}],"collection":[{"href":"http:\/\/www.eklg.hu\/index.php\/wp-json\/wp\/v2\/pages"}],"about":[{"href":"http:\/\/www.eklg.hu\/index.php\/wp-json\/wp\/v2\/types\/page"}],"author":[{"embeddable":true,"href":"http:\/\/www.eklg.hu\/index.php\/wp-json\/wp\/v2\/users\/1"}],"replies":[{"embeddable":true,"href":"http:\/\/www.eklg.hu\/index.php\/wp-json\/wp\/v2\/comments?post=6846"}],"version-history":[{"count":4,"href":"http:\/\/www.eklg.hu\/index.php\/wp-json\/wp\/v2\/pages\/6846\/revisions"}],"predecessor-version":[{"id":9719,"href":"http:\/\/www.eklg.hu\/index.php\/wp-json\/wp\/v2\/pages\/6846\/revisions\/9719"}],"up":[{"embeddable":true,"href":"http:\/\/www.eklg.hu\/index.php\/wp-json\/wp\/v2\/pages\/6824"}],"wp:featuredmedia":[{"embeddable":true,"href":"http:\/\/www.eklg.hu\/index.php\/wp-json\/wp\/v2\/media\/6848"}],"wp:attachment":[{"href":"http:\/\/www.eklg.hu\/index.php\/wp-json\/wp\/v2\/media?parent=6846"}],"curies":[{"name":"wp","href":"https:\/\/api.w.org\/{rel}","templated":true}]}}