{"id":6824,"date":"2023-10-11T14:05:59","date_gmt":"2023-10-11T12:05:59","guid":{"rendered":"http:\/\/www.eklg.hu\/?page_id=6824"},"modified":"2023-10-11T14:28:20","modified_gmt":"2023-10-11T12:28:20","slug":"tagozataink","status":"publish","type":"page","link":"http:\/\/www.eklg.hu\/index.php\/tartozz-kozenk-legyel-te-is-kossuthos\/tagozataink\/","title":{"rendered":"Tagozataink"},"content":{"rendered":"\n<p><strong><a href=\"http:\/\/www.eklg.hu\/index.php\/tartozz-kozenk-legyel-te-is-kossuthos\/tagozataink\/emelt-szintu-idegen-nyelvi-tagozat\/\">Emelt szint\u0171 idegen nyelvi tagozat (0020, 0030, 0050)<\/a><\/strong><\/p>\n\n\n\n<p><strong><a href=\"http:\/\/www.eklg.hu\/index.php\/tartozz-kozenk-legyel-te-is-kossuthos\/tagozataink\/emelt-szintu-termeszettudomanyos-tagozat\/\">Emelt szint\u0171 term\u00e9szettudom\u00e1nyos tagozat (0070, 0080)<\/a><\/strong><\/p>\n\n\n\n<p><strong><a href=\"http:\/\/www.eklg.hu\/index.php\/tartozz-kozenk-legyel-te-is-kossuthos\/tagozataink\/media-informatika-tagozat-0060\/\">M\u00e9dia-informatika tagozat (0060)<\/a><\/strong><\/p>\n\n\n\n<p><strong><a href=\"http:\/\/www.eklg.hu\/index.php\/tartozz-kozenk-legyel-te-is-kossuthos\/tagozataink\/altalanos-gimnaziumi-osztaly-0010\/\">\u00c1ltal\u00e1nos gimn\u00e1ziumi oszt\u00e1ly (0010)<\/a><\/strong><\/p>\n","protected":false},"excerpt":{"rendered":"<p>Emelt szint\u0171 idegen nyelvi tagozat (0020, 0030, 0050) Emelt szint\u0171 term\u00e9szettudom\u00e1nyos tagozat (0070, 0080) M\u00e9dia-informatika tagozat (0060) \u00c1ltal\u00e1nos gimn\u00e1ziumi oszt\u00e1ly &hellip; <\/p>\n","protected":false},"author":1,"featured_media":0,"parent":6242,"menu_order":0,"comment_status":"closed","ping_status":"closed","template":"","meta":{"ngg_post_thumbnail":0,"footnotes":""},"class_list":["post-6824","page","type-page","status-publish","hentry"],"_links":{"self":[{"href":"http:\/\/www.eklg.hu\/index.php\/wp-json\/wp\/v2\/pages\/6824","targetHints":{"allow":["GET"]}}],"collection":[{"href":"http:\/\/www.eklg.hu\/index.php\/wp-json\/wp\/v2\/pages"}],"about":[{"href":"http:\/\/www.eklg.hu\/index.php\/wp-json\/wp\/v2\/types\/page"}],"author":[{"embeddable":true,"href":"http:\/\/www.eklg.hu\/index.php\/wp-json\/wp\/v2\/users\/1"}],"replies":[{"embeddable":true,"href":"http:\/\/www.eklg.hu\/index.php\/wp-json\/wp\/v2\/comments?post=6824"}],"version-history":[{"count":3,"href":"http:\/\/www.eklg.hu\/index.php\/wp-json\/wp\/v2\/pages\/6824\/revisions"}],"predecessor-version":[{"id":6868,"href":"http:\/\/www.eklg.hu\/index.php\/wp-json\/wp\/v2\/pages\/6824\/revisions\/6868"}],"up":[{"embeddable":true,"href":"http:\/\/www.eklg.hu\/index.php\/wp-json\/wp\/v2\/pages\/6242"}],"wp:attachment":[{"href":"http:\/\/www.eklg.hu\/index.php\/wp-json\/wp\/v2\/media?parent=6824"}],"curies":[{"name":"wp","href":"https:\/\/api.w.org\/{rel}","templated":true}]}}