{"id":57,"date":"2009-03-16T11:25:00","date_gmt":"2009-03-16T09:25:00","guid":{"rendered":"http:\/\/www.eklg.hu\/wp\/?page_id=57"},"modified":"2025-08-26T12:44:16","modified_gmt":"2025-08-26T10:44:16","slug":"hasznos-tudnivalok","status":"publish","type":"page","link":"http:\/\/www.eklg.hu\/index.php\/magunkrol\/hasznos-tudnivalok\/","title":{"rendered":"Hasznos tudnival\u00f3k"},"content":{"rendered":"\n<figure class=\"wp-block-table is-style-stripes\"><table><tbody><tr><td>Megb\u00edzott igazgat\u00f3<\/td><td>Rub\u00f3czki B\u00e9la<\/td><\/tr><tr><td>Nevel\u00e9si igazgat\u00f3helyettes:<\/td><td>Homor\u00f3di Antaln\u00e9<\/td><\/tr><tr><td>Oktat\u00e1si igazgat\u00f3helyettes:<\/td><td>Mil\u00e9n\u00e9 Varga Andrea Julianna<\/td><\/tr><tr><td>Iskolalelk\u00e9sz:<\/td><td>Bozor\u00e1dy Ildik\u00f3<\/td><\/tr><tr><td>Iskolatitk\u00e1r:<\/td><td>G\u00e1l J\u00e1nosn\u00e9<\/td><\/tr><tr><td>Iskolatitk\u00e1r:<\/td><td>Fodor M\u00f3nika<\/td><\/tr><tr><td>Iskolatitk\u00e1r:<\/td><td>Krist\u00f3f Kl\u00e1ra<\/td><\/tr><tr><td><strong>Gazdas\u00e1gi iroda munkat\u00e1rsai:<\/strong><\/td><\/tr><tr><td>Gazdas\u00e1gi igazgat\u00f3helyettes:<\/td><td>Szalai Attila<\/td><\/tr><tr><td>El\u0151ad\u00f3:<\/td><td><br>Vir\u00e1gn\u00e9 Vajda Erzs\u00e9bet Piroska<\/td><\/tr><tr><td>Gazdas\u00e1gi \u00fcgyint\u00e9z\u0151:<\/td><td>B\u00e9resn\u00e9 Tak\u00e1cs Melinda \u00c1gnes<\/td><\/tr><tr><td><strong>Ifj\u00fas\u00e1gv\u00e9delem<\/strong><\/td><\/tr><tr><td><strong>Iskolapszichol\u00f3gus:<\/strong><\/td><td>Orb\u00e1n Bal\u00e1zs<br><a href=\"mailto:orbanbalazs@eklg.hu\" target=\"_blank\" rel=\"noreferrer noopener\">orbanbalazs@eklg.hu<\/a><br>H\u00e9tf\u0151 4-6. \u00f3ra 10.15 \u2013 12.25<br>Kedd: 7-8. \u00f3ra 13.15 \u2013 15.05<br>Szerda: 1-3. \u00f3ra 7.45 \u2013 10.20<br>Cs\u00fct\u00f6rt\u00f6k: 4-6. \u00f3ra 10.30 \u2013 13.05<\/td><\/tr><tr><td>Fogad\u00f3\u00f3ra:<\/td><td>Szem\u00e9lyesen az iskol\u00e1ban el\u0151zetes egyeztet\u00e9s alapj\u00e1n:<br>H\u00e9tf\u0151n \u00e9s szerd\u00e1n: 12:15-15:00<br>Cs\u00fct\u00f6rt\u00f6k\u00f6n: 8:00-12:45<\/td><\/tr><tr><td><strong>Iskolai szoci\u00e1lis seg\u00edt\u0151:<\/strong><\/td><td>Er\u0151ss T\u00edmea<\/td><\/tr><tr><td>Fogad\u00f3\u00f3ra:<\/td><td>p\u00e9ntek 8-10 \u00f3ra  <p><a href=\"http:\/\/www.eklg.hu\/dokumentumok\/tajekoztato_szocialis_segitesrol.pdf\">T\u00e1j\u00e9koztat\u00f3 iskolai szoci\u00e1lis seg\u00edt\u00e9sr\u0151l<\/a><\/p><\/td><\/tr><tr><td><strong>Di\u00e1k\u00f6nkorm\u00e1nyzat<\/strong><\/td><\/tr><tr><td>D\u00d6K-seg\u00edt\u0151 tan\u00e1rok:<\/td><td>Siska P\u00e9ter<\/td><\/tr><tr><td>D\u00d6K-eln\u00f6k:&nbsp;&nbsp;&nbsp;&nbsp;&nbsp;&nbsp;&nbsp;&nbsp;&nbsp;&nbsp;\n<p>&nbsp;<\/p>\n<div>D\u00d6K-eln\u00f6khelyettes:<\/div>\n<\/td><td>T\u00f3th R\u00e9ka 12.D&nbsp; &nbsp;&nbsp;&nbsp; <p>&nbsp;<\/p> <p>Szikora D\u00e1vid 11.C, <span style=\"font-size: revert; font-family: inherit; font-weight: inherit; color: initial;\">T\u00f3th Melinda 12.D<\/span><\/p><\/td><\/tr><tr><td><strong>Sz\u00fcl\u0151i szervezet<\/strong><\/td><\/tr><tr><td>Eln\u00f6k:<\/td><td>P\u00f3csi-S\u00e1nta Rita<\/td><\/tr><tr><td>Helyettes:<\/td><td>Minya Katalin Rita<\/td><\/tr><tr><td><strong>Igazgat\u00f3tan\u00e1cs<\/strong><\/td><\/tr><tr><td>Eln\u00f6k:<\/td><td>Moln\u00e1r Erzs\u00e9bet<\/td><\/tr><tr><td><strong>Iskolaorvosi rendel\u0151<\/strong><\/td><\/tr><tr><td>Iskolaorvos:<\/td><td>Dr. K\u00e1lm\u00e1n Enik\u0151<\/td><\/tr><tr><td>Rendel\u00e9si id\u0151:<\/td><td>kedd 8.00-12.00<\/td><\/tr><tr><td>Fogad\u00f3\u00f3ra sz\u00fcl\u0151knek:<\/td><td>kedd 9.00-10.00<\/td><\/tr><tr><td>V\u00e9d\u0151n\u0151:<\/td><td>K\u00f3tain\u00e9 Kov\u00e1cs Katalin<\/td><\/tr><tr><td>Rendel\u00e9si id\u0151:<\/td><td>h\u00e9tf\u0151-kedd-p\u00e9ntek 8.00 &#8211; 12.00<\/td><\/tr><tr><td>Fogad\u00f3\u00f3ra sz\u00fcl\u0151knek:<\/td><td>kedd &nbsp;12.00-13.00<\/td><\/tr><tr><td><strong>ISKOLAFOGORVOSI ELL\u00c1T\u00c1S<\/strong><\/td><\/tr><tr><td>Orvos:<\/td><td>Dr. KAR\u00c1CSONY \u00c9VA<br>Fog- \u00e9s sz\u00e1jbetegs\u00e9gek szakorvosa<\/td><\/tr><tr><td>Rendel\u00e9si id\u0151:<\/td><td>h\u00e9tf\u0151: 13.00-17.30<br>kedd-p\u00e9ntek: 8.00-12.00<\/td><\/tr><tr><td>Id\u0151pont egyeztet\u00e9s:<\/td><td>42\/599-700\/1334<\/td><\/tr><tr><td><strong>MUNKAALKALMASS\u00c1GI VIZSG\u00c1LAT<\/strong><\/td><\/tr><tr><td>Foglalkoz\u00e1s Eg\u00e9szs\u00e9g\u00fcgyi Szolg\u00e1lat<\/td><td>4400 Ny\u00edregyh\u00e1za, Szent Istv\u00e1n \u00fat 14.<br>1. emelet 19-es szoba<\/td><\/tr><tr><td>Orvos:<\/td><td>Dr. NAGY GABRIELLA<\/td><\/tr><tr><td>Id\u0151pont egyeztet\u00e9s:<\/td><td>42\/506-150<br>H-SZ-P: 7:30-12:00<br>K-CS: 9:00-13:00<\/td><\/tr><\/tbody><\/table><\/figure>\n","protected":false},"excerpt":{"rendered":"<p>Megb\u00edzott igazgat\u00f3 Rub\u00f3czki B\u00e9la Nevel\u00e9si igazgat\u00f3helyettes: Homor\u00f3di Antaln\u00e9 Oktat\u00e1si igazgat\u00f3helyettes: Mil\u00e9n\u00e9 Varga Andrea Julianna Iskolalelk\u00e9sz: Bozor\u00e1dy Ildik\u00f3 Iskolatitk\u00e1r: G\u00e1l J\u00e1nosn\u00e9 &hellip; <\/p>\n","protected":false},"author":1,"featured_media":0,"parent":2,"menu_order":0,"comment_status":"closed","ping_status":"closed","template":"","meta":{"ngg_post_thumbnail":0,"footnotes":""},"class_list":["post-57","page","type-page","status-publish","hentry"],"_links":{"self":[{"href":"http:\/\/www.eklg.hu\/index.php\/wp-json\/wp\/v2\/pages\/57","targetHints":{"allow":["GET"]}}],"collection":[{"href":"http:\/\/www.eklg.hu\/index.php\/wp-json\/wp\/v2\/pages"}],"about":[{"href":"http:\/\/www.eklg.hu\/index.php\/wp-json\/wp\/v2\/types\/page"}],"author":[{"embeddable":true,"href":"http:\/\/www.eklg.hu\/index.php\/wp-json\/wp\/v2\/users\/1"}],"replies":[{"embeddable":true,"href":"http:\/\/www.eklg.hu\/index.php\/wp-json\/wp\/v2\/comments?post=57"}],"version-history":[{"count":75,"href":"http:\/\/www.eklg.hu\/index.php\/wp-json\/wp\/v2\/pages\/57\/revisions"}],"predecessor-version":[{"id":11506,"href":"http:\/\/www.eklg.hu\/index.php\/wp-json\/wp\/v2\/pages\/57\/revisions\/11506"}],"up":[{"embeddable":true,"href":"http:\/\/www.eklg.hu\/index.php\/wp-json\/wp\/v2\/pages\/2"}],"wp:attachment":[{"href":"http:\/\/www.eklg.hu\/index.php\/wp-json\/wp\/v2\/media?parent=57"}],"curies":[{"name":"wp","href":"https:\/\/api.w.org\/{rel}","templated":true}]}}