{"id":4668,"date":"2020-01-13T13:12:09","date_gmt":"2020-01-13T12:12:09","guid":{"rendered":"http:\/\/www.eklg.hu\/?page_id=4668"},"modified":"2024-01-19T10:43:48","modified_gmt":"2024-01-19T09:43:48","slug":"a-szobeli-felveteli-temakorei","status":"publish","type":"page","link":"http:\/\/www.eklg.hu\/index.php\/felvetelizoknek\/szobeli-felveteli-2021\/a-szobeli-felveteli-temakorei\/","title":{"rendered":"Sz\u00f3beli felv\u00e9teli t\u00e9mak\u00f6r\u00f6k"},"content":{"rendered":"<p><a href=\"http:\/\/www.eklg.hu\/dokumentumok\/szobeli\/angol_szobeli_felveteli_temakorok.pdf\">Angol nyelv \u2013 Angol nyelvi tagozat<\/a><\/p>\n<p><a href=\"http:\/\/www.eklg.hu\/dokumentumok\/szobeli\/magyar.pdf\">Magyar nyelv \u00e9s irodalom \u2013 A magyar \u00edr\u00e1sbeli felv\u00e9teli \u00e9rt\u00e9kel\u00e9se al\u00f3l felmentett tanul\u00f3k r\u00e9sz\u00e9re<\/a><\/p>\n<p><a href=\"http:\/\/www.eklg.hu\/dokumentumok\/szobeli\/tortenelem.pdf\">T\u00f6rt\u00e9nelem &#8211; A matematika \u00edr\u00e1sbeli felv\u00e9teli \u00e9rt\u00e9kel\u00e9se al\u00f3l felmentett tanul\u00f3k r\u00e9sz\u00e9re (v\u00e1laszthat\u00f3 a t\u00f6rt\u00e9nelem vagy a f\u00f6ldrajz tant\u00e1rgy)<\/a><\/p>\n<p><a href=\"http:\/\/www.eklg.hu\/dokumentumok\/szobeli\/foldrajz.pdf\">F\u00f6ldrajz &#8211; A matematika \u00edr\u00e1sbeli felv\u00e9teli \u00e9rt\u00e9kel\u00e9se al\u00f3l felmentett tanul\u00f3k r\u00e9sz\u00e9re (v\u00e1laszthat\u00f3 a t\u00f6rt\u00e9nelem vagy a f\u00f6ldrajz tant\u00e1rgy)<\/a><\/p>\n<p>&nbsp;<\/p>\n<p>&nbsp;<\/p>\n","protected":false},"excerpt":{"rendered":"<p>Angol nyelv \u2013 Angol nyelvi tagozat Magyar nyelv \u00e9s irodalom \u2013 A magyar \u00edr\u00e1sbeli felv\u00e9teli \u00e9rt\u00e9kel\u00e9se al\u00f3l felmentett tanul\u00f3k r\u00e9sz\u00e9re &hellip; <\/p>\n","protected":false},"author":1,"featured_media":0,"parent":5450,"menu_order":0,"comment_status":"closed","ping_status":"closed","template":"","meta":{"ngg_post_thumbnail":0,"footnotes":""},"class_list":["post-4668","page","type-page","status-publish","hentry"],"_links":{"self":[{"href":"http:\/\/www.eklg.hu\/index.php\/wp-json\/wp\/v2\/pages\/4668","targetHints":{"allow":["GET"]}}],"collection":[{"href":"http:\/\/www.eklg.hu\/index.php\/wp-json\/wp\/v2\/pages"}],"about":[{"href":"http:\/\/www.eklg.hu\/index.php\/wp-json\/wp\/v2\/types\/page"}],"author":[{"embeddable":true,"href":"http:\/\/www.eklg.hu\/index.php\/wp-json\/wp\/v2\/users\/1"}],"replies":[{"embeddable":true,"href":"http:\/\/www.eklg.hu\/index.php\/wp-json\/wp\/v2\/comments?post=4668"}],"version-history":[{"count":8,"href":"http:\/\/www.eklg.hu\/index.php\/wp-json\/wp\/v2\/pages\/4668\/revisions"}],"predecessor-version":[{"id":8182,"href":"http:\/\/www.eklg.hu\/index.php\/wp-json\/wp\/v2\/pages\/4668\/revisions\/8182"}],"up":[{"embeddable":true,"href":"http:\/\/www.eklg.hu\/index.php\/wp-json\/wp\/v2\/pages\/5450"}],"wp:attachment":[{"href":"http:\/\/www.eklg.hu\/index.php\/wp-json\/wp\/v2\/media?parent=4668"}],"curies":[{"name":"wp","href":"https:\/\/api.w.org\/{rel}","templated":true}]}}