{"id":25,"date":"2009-03-14T21:24:11","date_gmt":"2009-03-14T19:24:11","guid":{"rendered":"http:\/\/www.eklg.hu\/wp\/?page_id=25"},"modified":"2017-12-12T10:40:25","modified_gmt":"2017-12-12T10:40:25","slug":"iskolank-nevadoja","status":"publish","type":"page","link":"http:\/\/www.eklg.hu\/index.php\/magunkrol\/iskolank-nevadoja\/","title":{"rendered":"Iskol\u00e1nk n\u00e9vad\u00f3ja"},"content":{"rendered":"<table border=\"0\">\n<tbody>\n<tr>\n<td><img loading=\"lazy\" decoding=\"async\" class=\"alignleft size-full wp-image-3883\" src=\"http:\/\/www.eklg.hu\/wp-content\/uploads\/2017\/12\/Kossuth_1842.jpg\" alt=\"\" width=\"260\" height=\"371\" srcset=\"http:\/\/www.eklg.hu\/wp-content\/uploads\/2017\/12\/Kossuth_1842.jpg 260w, http:\/\/www.eklg.hu\/wp-content\/uploads\/2017\/12\/Kossuth_1842-210x300.jpg 210w, http:\/\/www.eklg.hu\/wp-content\/uploads\/2017\/12\/Kossuth_1842-105x150.jpg 105w\" sizes=\"auto, (max-width: 260px) 100vw, 260px\" \/><\/td>\n<td style=\"text-align: center;\"><em>\u201eCsak az k\u00e9pes hatalmasan hatni, ki saj\u00e1t kor\u00e1nak embere,<br \/>\nm\u00edg ellenben ki kor\u00e1t megel\u0151zi, csak hal\u00e1la ut\u00e1n \u00e9l,<br \/>\nki pedig kor\u00e1t\u00f3l elmarad \u00e9lve is halott.\u201d<br \/>\n\/Kossuth 1846. aug. 20.\/ <\/em><\/p>\n<p align=\"center\"><strong>Iskol\u00e1nk n\u00e9vad\u00f3ja<\/strong><\/p>\n<h2>KOSSUTH LAJOS<\/h2>\n<\/td>\n<\/tr>\n<\/tbody>\n<\/table>\n<p align=\"justify\">Az 1848-49-es forradalom \u00e9s szabads\u00e1gharc szellemi vez\u00e9re 1802-ben sz\u00fcletett Monokon, nemesi csal\u00e1d sarjak\u00e9nt. Apja Kossuth L\u00e1szl\u00f3, anyja W\u00e9ber Karolina. Kossuth a csal\u00e1d egyetlen fia, n\u00e9gy le\u00e1nytestv\u00e9re van.<\/p>\n<p>Tanulm\u00e1nyait S\u00e1toralja\u00fajhelyen kezdte, majd Eperjesen folytatta \u00e9s v\u00e9g\u00fcl a s\u00e1rospataki f\u0151iskol\u00e1n fejezte be, kiv\u00e1l\u00f3 eredm\u00e9nnyel.<\/p>\n<p align=\"justify\">1823-ban \u00fcgyv\u00e9di vizsg\u00e1t tett, majd 1832-ig k\u00fcl\u00f6nf\u00e9le hivatali tiszts\u00e9geket t\u00f6lt\u00f6tt be sz\u00fcl\u0151f\u00f6ldj\u00e9n, Zempl\u00e9n megy\u00e9ben.<\/p>\n<p align=\"justify\">Az 1832-36. \u00e9vi pozsonyi orsz\u00e1ggy\u0171l\u00e9sen t\u00e1voll\u00e9v\u0151 f\u0151urak k\u00e9pvisel\u0151jek\u00e9nt vett r\u00e9szt. Itt szerkesztette az Orsz\u00e1ggy\u0171l\u00e9si Tud\u00f3s\u00edt\u00e1sokat, melyben a reformellenz\u00e9knek a t\u00e1rsadalmi halad\u00e1s\u00e9rt \u00e9s a nemzeti \u00e9rdekek\u00e9rt v\u00edvott harc\u00e1t n\u00e9pszer\u0171s\u00edtette. Eddig a nagyobb nyilv\u00e1noss\u00e1g nemigen \u00e9rtes\u00fclt az orsz\u00e1ggy\u0171l\u00e9si vit\u00e1kr\u00f3l. Kossuth felismerte ennek jelent\u0151s\u00e9g\u00e9t \u00e9s rendszeresen besz\u00e1molt az orsz\u00e1ggy\u0171l\u00e9sr\u0151l.<\/p>\n<p align=\"justify\">Az orsz\u00e1ggy\u0171l\u00e9s berekeszt\u00e9se ut\u00e1n Pestre k\u00f6lt\u00f6z\u00f6tt \u00e9s T\u00f6rv\u00e9nyhat\u00f3s\u00e1gi Tud\u00f3s\u00edt\u00e1sok c\u00edmmel a megy\u00e9k \u00e9let\u00e9r\u0151l t\u00e1j\u00e9koztatta olvas\u00f3it.<\/p>\n<p align=\"justify\">Tud\u00f3s\u00edt\u00e1sai k\u00e9zr\u0151l-k\u00e9zre j\u00e1rtak \u00e9s sok h\u00edvet szereztek a reformok \u00fcgy\u00e9nek. Lapj\u00e1t hamarosan betiltott\u00e1k, \u0151t mag\u00e1t 1837. m\u00e1jus 5-\u00e9n letart\u00f3ztatt\u00e1k, majd n\u00e9gy \u00e9vi fogs\u00e1gra \u00edt\u00e9lt\u00e9k.<\/p>\n<p>B\u00f6rt\u00f6n\u00e9veit is tev\u00e9keny, c\u00e9ltudatos munka jellemezte. \u00cdr\u00f3eszk\u00f6zt \u00e9s k\u00f6nyveket k\u00e9rt, k\u00f6zgazdas\u00e1gtant \u00e9s angolt tanult.<\/p>\n<p align=\"justify\">1840. m\u00e1jus\u00e1ban szabadult \u00e9s \u00fajra t\u00f6retlen lend\u00fclettel politiz\u00e1lt.<\/p>\n<p align=\"justify\">1841. janu\u00e1rj\u00e1ban megind\u00edtotta a Pesti H\u00edrlapot, melynek h\u00e1rom \u00e9vig szerkeszt\u0151je volt. E h\u00edrlapban \u00edrott vez\u00e9rcikkei rendk\u00edv\u00fcl olvasm\u00e1nyosak, egyben egyed\u00fcl\u00e1ll\u00f3 eset is a sajt\u00f3 t\u00f6rt\u00e9net\u00e9ben, hogy lapj\u00e1nak els\u0151 havi sz\u00e1mait a nagy \u00e9rdekl\u0151d\u00e9s miatt \u00fajra kellett nyomtatni.<\/p>\n<p>Id\u0151k\u00f6zben h\u00e1zass\u00e1got k\u00f6t\u00f6tt Meszl\u00e9nyi Ter\u00e9zzel, s e h\u00e1zass\u00e1gb\u00f3l k\u00e9t fi\u00fa \u2013 Ferenc \u00e9s Lajos \u2013 \u00e9s egy l\u00e1ny \u2013 Vilma \u2013 sz\u00fcletett.<\/p>\n<p align=\"justify\">1847. \u0151sz\u00e9n a reakci\u00f3 minden mesterked\u00e9se ellen\u00e9re Pest megye megv\u00e1lasztotta k\u00f6vet\u00e9v\u00e9, \u00e9s az orsz\u00e1ggy\u0171l\u00e9sen az ellenz\u00e9k vez\u00e9rek\u00e9nt l\u00e9pett fel.<\/p>\n<p align=\"justify\">D\u00f6nt\u0151 szerepe volt abban, hogy az orsz\u00e1ggy\u0171l\u00e9s megszavazta a forradalmi \u00e1talakul\u00e1s eredm\u00e9nyeit r\u00f6gz\u00edt\u0151 t\u00f6rv\u00e9nyeket, s a forradalom er\u0151ire t\u00e1maszkodva kik\u00e9nyszer\u00edtette B\u00e9cs hozz\u00e1j\u00e1rul\u00e1s\u00e1t.<\/p>\n<p align=\"justify\">Az 1848-49-es polg\u00e1ri forradalom \u00e9s szabads\u00e1gharc kiemelked\u0151 vezet\u0151je el\u0151bb az els\u0151 felel\u0151s korm\u00e1ny p\u00e9nz\u00fcgyminisztere, majd az Orsz\u00e1gos Honv\u00e9delmi Bizottm\u00e1ny eln\u00f6ke, v\u00e9g\u00fcl a f\u00fcggetlen Magyarorsz\u00e1g korm\u00e1nyz\u00f3ja lett.<\/p>\n<p align=\"justify\">Az 1849. \u00e1prilis 14-\u00e9n megtartott debreceni orsz\u00e1ggy\u0171l\u00e9sen a magyar n\u00e9p nev\u00e9ben az orsz\u00e1g teljes f\u00fcggetlens\u00e9g\u00e9t \u00e9s a Habsburgok tr\u00f3nfoszt\u00e1s\u00e1t proklam\u00e1lta.<\/p>\n<p align=\"justify\">A vil\u00e1gosi fegyverlet\u00e9tel ut\u00e1n emigr\u00e1ci\u00f3ba k\u00e9nyszer\u00fclt, ahol tov\u00e1bbra is akt\u00edv politikai tev\u00e9kenys\u00e9get folytatott.<\/p>\n<p align=\"justify\">Az 1849-ben l\u00e9pte \u00e1t a t\u00f6r\u00f6k hat\u00e1rt, n\u00e9h\u00e1ny h\u00f3napi ott tart\u00f3zkod\u00e1s ut\u00e1n az Egyes\u00fclt \u00c1llamok megh\u00edv\u00e1s\u00e1ra Amerik\u00e1ba utazott, majd 1852-t\u0151l Londonban telepedett le. 1861-t\u0151l hal\u00e1l\u00e1ig az olaszorsz\u00e1gi Turinban \/ma Torin\u00f3\/ \u00e9s k\u00f6rny\u00e9k\u00e9n \u00e9lt.<\/p>\n<p>1894. m\u00e1rcius 20-\u00e1n hunyt el \u00e9s ez \u00e9v \u00e1prilis elsej\u00e9n Budapesten helyezt\u00e9k \u00f6r\u00f6k nyugalomra. A kerepesi temet\u0151ben \u2013 ahol a magyar nemzet sz\u00e1zezrei jelentek meg \u2013 J\u00f3kai mondott gy\u00e1szbesz\u00e9det.<\/p>\n<p align=\"justify\">1890-ben \u2013 az iskola vezet\u0151s\u00e9g\u00e9nek felk\u00e9r\u00e9s\u00e9re \u2013 Kossuth Lajos saj\u00e1tkez\u0171leg \u00edrt sz\u00e9p level\u00e9ben hozz\u00e1j\u00e1rult, hogy nev\u00e9t viselje a Kossuth Eml\u00e9kalap\u00edtv\u00e1ny, amelynek kamataib\u00f3l \u2013 ma is minden \u00e9vben \u2013 a Kossuth-p\u00e1ly\u00e1zatra beadott legjobb m\u0171veket jutalmazzuk.<\/p>\n<p align=\"justify\">A gimn\u00e1zium 1921-ben vette fel Kossuth Lajos nev\u00e9t. Ett\u0151l kezdve lett az iskola neve: Ny\u00edregyh\u00e1zi \u00e1gostai hitvall\u00e1s\u00fa Evang\u00e9likus Kossuth Lajos F\u0151gimn\u00e1zium.<\/p>\n<p align=\"justify\">Trianon ut\u00e1n volt igaz\u00e1n sz\u00fcks\u00e9g arra, hogy visszat\u00e9rj\u00fcnk a szabads\u00e1g szeretet\u00e9nek eszm\u00e9ny\u00e9hez, melyet Kossuthnak az al\u00e1bbi mond\u00e1s\u00e1val lehet a legjobban kifejezni<\/p>\n<p align=\"center\"><strong>\u201e\u2026 a c\u00e9l: szabads\u00e1g, s alkotm\u00e1nyos jog minden magyarnak;<br \/>\nnemzeti j\u00f3l\u00e9t, mely a szabads\u00e1g gy\u00f6ker\u00e9b\u0151l hajtson.\u201d<\/strong><\/p>\n","protected":false},"excerpt":{"rendered":"<p>\u201eCsak az k\u00e9pes hatalmasan hatni, ki saj\u00e1t kor\u00e1nak embere, m\u00edg ellenben ki kor\u00e1t megel\u0151zi, csak hal\u00e1la ut\u00e1n \u00e9l, ki pedig &hellip; <\/p>\n","protected":false},"author":1,"featured_media":0,"parent":2,"menu_order":0,"comment_status":"closed","ping_status":"closed","template":"","meta":{"ngg_post_thumbnail":0,"footnotes":""},"class_list":["post-25","page","type-page","status-publish","hentry"],"_links":{"self":[{"href":"http:\/\/www.eklg.hu\/index.php\/wp-json\/wp\/v2\/pages\/25","targetHints":{"allow":["GET"]}}],"collection":[{"href":"http:\/\/www.eklg.hu\/index.php\/wp-json\/wp\/v2\/pages"}],"about":[{"href":"http:\/\/www.eklg.hu\/index.php\/wp-json\/wp\/v2\/types\/page"}],"author":[{"embeddable":true,"href":"http:\/\/www.eklg.hu\/index.php\/wp-json\/wp\/v2\/users\/1"}],"replies":[{"embeddable":true,"href":"http:\/\/www.eklg.hu\/index.php\/wp-json\/wp\/v2\/comments?post=25"}],"version-history":[{"count":10,"href":"http:\/\/www.eklg.hu\/index.php\/wp-json\/wp\/v2\/pages\/25\/revisions"}],"predecessor-version":[{"id":3884,"href":"http:\/\/www.eklg.hu\/index.php\/wp-json\/wp\/v2\/pages\/25\/revisions\/3884"}],"up":[{"embeddable":true,"href":"http:\/\/www.eklg.hu\/index.php\/wp-json\/wp\/v2\/pages\/2"}],"wp:attachment":[{"href":"http:\/\/www.eklg.hu\/index.php\/wp-json\/wp\/v2\/media?parent=25"}],"curies":[{"name":"wp","href":"https:\/\/api.w.org\/{rel}","templated":true}]}}

Iskolánk névadója

<table border="0">
<tbody>
<tr>
<td><img loading="lazy" decoding="async" class="alignleft size-full wp-image-3883" src="http://www.eklg.hu/wp-content/uploads/2017/12/Kossuth_1842.jpg" alt="" width="260" height="371" srcset="http://www.eklg.hu/wp-content/uploads/2017/12/Kossuth_1842.jpg 260w, http://www.eklg.hu/wp-content/uploads/2017/12/Kossuth_1842-210x300.jpg 210w, http://www.eklg.hu/wp-content/uploads/2017/12/Kossuth_1842-105x150.jpg 105w" sizes="auto, (max-width: 260px) 100vw, 260px" /></td>
<td style="text-align: center;"><em>„Csak az képes hatalmasan hatni, ki saját korának embere,<br />
míg ellenben ki korát megelőzi, csak halála után él,<br />
ki pedig korától elmarad élve is halott.”<br />
/Kossuth 1846. aug. 20./ </em></p>
<p align="center"><strong>Iskolánk névadója</strong></p>
<h2>KOSSUTH LAJOS</h2>
</td>
</tr>
</tbody>
</table>
<p align="justify">Az 1848-49-es forradalom és szabadságharc szellemi vezére 1802-ben született Monokon, nemesi család sarjaként. Apja Kossuth László, anyja Wéber Karolina. Kossuth a család egyetlen fia, négy leánytestvére van.</p>
<p>Tanulmányait Sátoraljaújhelyen kezdte, majd Eperjesen folytatta és végül a sárospataki főiskolán fejezte be, kiváló eredménnyel.</p>
<p align="justify">1823-ban ügyvédi vizsgát tett, majd 1832-ig különféle hivatali tisztségeket töltött be szülőföldjén, Zemplén megyében.</p>
<p align="justify">Az 1832-36. évi pozsonyi országgyűlésen távollévő főurak képviselőjeként vett részt. Itt szerkesztette az Országgyűlési Tudósításokat, melyben a reformellenzéknek a társadalmi haladásért és a nemzeti érdekekért vívott harcát népszerűsítette. Eddig a nagyobb nyilvánosság nemigen értesült az országgyűlési vitákról. Kossuth felismerte ennek jelentőségét és rendszeresen beszámolt az országgyűlésről.</p>
<p align="justify">Az országgyűlés berekesztése után Pestre költözött és Törvényhatósági Tudósítások címmel a megyék életéről tájékoztatta olvasóit.</p>
<p align="justify">Tudósításai kézről-kézre jártak és sok hívet szereztek a reformok ügyének. Lapját hamarosan betiltották, őt magát 1837. május 5-én letartóztatták, majd négy évi fogságra ítélték.</p>
<p>Börtönéveit is tevékeny, céltudatos munka jellemezte. Íróeszközt és könyveket kért, közgazdaságtant és angolt tanult.</p>
<p align="justify">1840. májusában szabadult és újra töretlen lendülettel politizált.</p>
<p align="justify">1841. januárjában megindította a Pesti Hírlapot, melynek három évig szerkesztője volt. E hírlapban írott vezércikkei rendkívül olvasmányosak, egyben egyedülálló eset is a sajtó történetében, hogy lapjának első havi számait a nagy érdeklődés miatt újra kellett nyomtatni.</p>
<p>Időközben házasságot kötött Meszlényi Terézzel, s e házasságból két fiú – Ferenc és Lajos – és egy lány – Vilma – született.</p>
<p align="justify">1847. őszén a reakció minden mesterkedése ellenére Pest megye megválasztotta követévé, és az országgyűlésen az ellenzék vezéreként lépett fel.</p>
<p align="justify">Döntő szerepe volt abban, hogy az országgyűlés megszavazta a forradalmi átalakulás eredményeit rögzítő törvényeket, s a forradalom erőire támaszkodva kikényszerítette Bécs hozzájárulását.</p>
<p align="justify">Az 1848-49-es polgári forradalom és szabadságharc kiemelkedő vezetője előbb az első felelős kormány pénzügyminisztere, majd az Országos Honvédelmi Bizottmány elnöke, végül a független Magyarország kormányzója lett.</p>
<p align="justify">Az 1849. április 14-én megtartott debreceni országgyűlésen a magyar nép nevében az ország teljes függetlenségét és a Habsburgok trónfosztását proklamálta.</p>
<p align="justify">A világosi fegyverletétel után emigrációba kényszerült, ahol továbbra is aktív politikai tevékenységet folytatott.</p>
<p align="justify">Az 1849-ben lépte át a török határt, néhány hónapi ott tartózkodás után az Egyesült Államok meghívására Amerikába utazott, majd 1852-től Londonban telepedett le. 1861-től haláláig az olaszországi Turinban /ma Torinó/ és környékén élt.</p>
<p>1894. március 20-án hunyt el és ez év április elsején Budapesten helyezték örök nyugalomra. A kerepesi temetőben – ahol a magyar nemzet százezrei jelentek meg – Jókai mondott gyászbeszédet.</p>
<p align="justify">1890-ben – az iskola vezetőségének felkérésére – Kossuth Lajos sajátkezűleg írt szép levelében hozzájárult, hogy nevét viselje a Kossuth Emlékalapítvány, amelynek kamataiból – ma is minden évben – a Kossuth-pályázatra beadott legjobb műveket jutalmazzuk.</p>
<p align="justify">A gimnázium 1921-ben vette fel Kossuth Lajos nevét. Ettől kezdve lett az iskola neve: Nyíregyházi ágostai hitvallású Evangélikus Kossuth Lajos Főgimnázium.</p>
<p align="justify">Trianon után volt igazán szükség arra, hogy visszatérjünk a szabadság szeretetének eszményéhez, melyet Kossuthnak az alábbi mondásával lehet a legjobban kifejezni</p>
<p align="center"><strong>„… a cél: szabadság, s alkotmányos jog minden magyarnak;<br />
nemzeti jólét, mely a szabadság gyökeréből hajtson.”</strong></p>

<p>„Csak az képes hatalmasan hatni, ki saját korának embere, míg ellenben ki korát megelőzi, csak halála után él, ki pedig &hellip; </p>
