{"id":11507,"date":"2025-08-27T08:26:30","date_gmt":"2025-08-27T06:26:30","guid":{"rendered":"http:\/\/www.eklg.hu\/?page_id=11507"},"modified":"2025-08-27T08:26:32","modified_gmt":"2025-08-27T06:26:32","slug":"etkezes","status":"publish","type":"page","link":"http:\/\/www.eklg.hu\/index.php\/magunkrol\/hasznos-tudnivalok\/etkezes\/","title":{"rendered":"\u00c9tkez\u00e9s"},"content":{"rendered":"\n<p>Az \u00e9tkez\u00e9s ig\u00e9nybev\u00e9tel\u00e9hez\/lemond\u00e1s\u00e1hoz az al\u00e1bbi nyilatkozatokat kit\u00f6ltve \u00e9s beszkennelve a k\u00f6vetkez\u0151 e-mail c\u00edmre k\u00fcldj\u00e9k vissza:<\/p>\n\n\n\n<p>etkezes@eklg.hu<\/p>\n\n\n\n<ul class=\"wp-block-list\">\n<li><a href=\"http:\/\/www.eklg.hu\/dokumentumok\/etkezesi_nyilatkozat.doc\">\u00c9tkez\u00e9si nyilatkozat<\/a><\/li>\n\n\n\n<li><a href=\"http:\/\/www.eklg.hu\/dokumentumok\/etkezesi_nyilatkozat_3_vagy_tobb_gyermek_eseten.doc\">NYILATKOZAT 3, vagy t\u00f6bb gyermek eset\u00e9n<\/a><\/li>\n<\/ul>\n\n\n\n<p><\/p>\n","protected":false},"excerpt":{"rendered":"<p>Az \u00e9tkez\u00e9s ig\u00e9nybev\u00e9tel\u00e9hez\/lemond\u00e1s\u00e1hoz az al\u00e1bbi nyilatkozatokat kit\u00f6ltve \u00e9s beszkennelve a k\u00f6vetkez\u0151 e-mail c\u00edmre k\u00fcldj\u00e9k vissza: etkezes@eklg.hu<\/p>\n","protected":false},"author":1,"featured_media":0,"parent":57,"menu_order":0,"comment_status":"closed","ping_status":"closed","template":"","meta":{"ngg_post_thumbnail":0,"footnotes":""},"class_list":["post-11507","page","type-page","status-publish","hentry"],"_links":{"self":[{"href":"http:\/\/www.eklg.hu\/index.php\/wp-json\/wp\/v2\/pages\/11507","targetHints":{"allow":["GET"]}}],"collection":[{"href":"http:\/\/www.eklg.hu\/index.php\/wp-json\/wp\/v2\/pages"}],"about":[{"href":"http:\/\/www.eklg.hu\/index.php\/wp-json\/wp\/v2\/types\/page"}],"author":[{"embeddable":true,"href":"http:\/\/www.eklg.hu\/index.php\/wp-json\/wp\/v2\/users\/1"}],"replies":[{"embeddable":true,"href":"http:\/\/www.eklg.hu\/index.php\/wp-json\/wp\/v2\/comments?post=11507"}],"version-history":[{"count":1,"href":"http:\/\/www.eklg.hu\/index.php\/wp-json\/wp\/v2\/pages\/11507\/revisions"}],"predecessor-version":[{"id":11508,"href":"http:\/\/www.eklg.hu\/index.php\/wp-json\/wp\/v2\/pages\/11507\/revisions\/11508"}],"up":[{"embeddable":true,"href":"http:\/\/www.eklg.hu\/index.php\/wp-json\/wp\/v2\/pages\/57"}],"wp:attachment":[{"href":"http:\/\/www.eklg.hu\/index.php\/wp-json\/wp\/v2\/media?parent=11507"}],"curies":[{"name":"wp","href":"https:\/\/api.w.org\/{rel}","templated":true}]}}