{"id":10475,"date":"2025-02-28T11:18:40","date_gmt":"2025-02-28T10:18:40","guid":{"rendered":"http:\/\/www.eklg.hu\/?page_id=10475"},"modified":"2025-02-28T11:21:04","modified_gmt":"2025-02-28T10:21:04","slug":"szuloi-hirlevel","status":"publish","type":"page","link":"http:\/\/www.eklg.hu\/index.php\/magunkrol\/hasznos-tudnivalok\/szuloi-hirlevel\/","title":{"rendered":"Sz\u00fcl\u0151i h\u00edrlev\u00e9l"},"content":{"rendered":"\n<p>\u00d6r\u00f6mmel \u00e9rtes\u00edtj\u00fck \u00d6n\u00f6ket arr\u00f3l, hogy 2025. febru\u00e1rt\u00f3l sz\u00fcl\u0151i h\u00edrlevelet ind\u00edtunk, melynek c\u00e9lja a sz\u00fcl\u0151k\/gondvisel\u0151k folyamatos t\u00e1j\u00e9koztat\u00e1sa az iskol\u00e1ban zajl\u00f3 oktat\u00f3-nevel\u0151 munk\u00e1r\u00f3l, rendezv\u00e9nyeinkr\u0151l \u00e9s egy\u00e9b iskol\u00e1nkat \u00e9rint\u0151 esem\u00e9nyekr\u0151l.<\/p>\n\n\n\n<div class=\"wp-block-columns alignwide is-layout-flex wp-container-core-columns-is-layout-829b1d53 wp-block-columns-is-layout-flex\" style=\"margin-bottom:0\">\n<div class=\"wp-block-column has-text-color has-background has-link-color wp-elements-d708aef85ef5434038f4085b6c47df95 is-layout-flow wp-block-column-is-layout-flow\" style=\"color:#000000;background-color:#ffe97d;padding-top:2em;padding-right:2em;padding-bottom:2em;padding-left:2em\">\n<h2 class=\"wp-block-heading\" id=\"single\" style=\"font-size:40px\"><strong>2025.02.<\/strong><\/h2>\n\n\n\n<p class=\"has-normal-font-size\" style=\"line-height:1.5\"><strong>A tartalomb\u00f3l:<\/strong><\/p>\n\n\n\n<hr class=\"wp-block-separator has-text-color has-css-opacity has-background is-style-wide\" style=\"background-color:#000000;color:#000000\"\/>\n\n\n<div class=\"wp-block-image\">\n<figure class=\"alignright size-medium\"><a href=\"https:\/\/online.fliphtml5.com\/ydwaj\/ukps\/\"><img loading=\"lazy\" decoding=\"async\" width=\"212\" height=\"300\" src=\"http:\/\/www.eklg.hu\/wp-content\/uploads\/2025\/02\/hirlevel-2025.02-212x300.png\" alt=\"\" class=\"wp-image-10482\" srcset=\"http:\/\/www.eklg.hu\/wp-content\/uploads\/2025\/02\/hirlevel-2025.02-212x300.png 212w, http:\/\/www.eklg.hu\/wp-content\/uploads\/2025\/02\/hirlevel-2025.02.png 397w\" sizes=\"auto, (max-width: 212px) 100vw, 212px\" \/><\/a><\/figure>\n<\/div>\n\n\n<ul class=\"wp-block-list has-normal-font-size\">\n<li>Olimpiai bajnok l\u00e1togat\u00e1sa iskol\u00e1nkban<\/li>\n\n\n\n<li>Angol orsz\u00e1gismereti verseny<\/li>\n\n\n\n<li>Evang\u00e9likus Iskol\u00e1k Kutat\u00f3di\u00e1kjainak IV. Konferenci\u00e1ja<\/li>\n\n\n\n<li>S\u00edt\u00e1bor 2025<\/li>\n\n\n\n<li>B\u0171v\u00f6sv\u00f6lgyi oszt\u00e1lykir\u00e1ndul\u00e1s<\/li>\n\n\n\n<li>Kossuthos levelez\u0151s verseny<\/li>\n\n\n\n<li>Iskol\u00e1nk fi\u00fa r\u00f6plabdacsapat\u00e1nak sikerei<\/li>\n\n\n\n<li>Kossuth-b\u00e1l \u2013 2025<\/li>\n\n\n\n<li>Ford\u00edtott nap<\/li>\n\n\n\n<li>Di\u00e1kb\u00e1l<\/li>\n\n\n\n<li>Kiemelked\u0151 versenyeredm\u00e9nyek<\/li>\n\n\n\n<li>Erasmus+<\/li>\n\n\n\n<li>K\u00f6zelg\u0151 esem\u00e9nyek<\/li>\n<\/ul>\n\n\n\n<div class=\"wp-block-buttons alignfull is-horizontal is-content-justification-center is-layout-flex wp-container-core-buttons-is-layout-499968f5 wp-block-buttons-is-layout-flex\">\n<div class=\"wp-block-button has-custom-width wp-block-button__width-100\"><a class=\"wp-block-button__link has-white-color has-text-color has-background no-border-radius wp-element-button\" href=\"https:\/\/online.fliphtml5.com\/ydwaj\/ukps\/\" style=\"background-color:#000000\">Megtekint\u00e9s<\/a><\/div>\n<\/div>\n<\/div>\n<\/div>\n","protected":false},"excerpt":{"rendered":"<p>\u00d6r\u00f6mmel \u00e9rtes\u00edtj\u00fck \u00d6n\u00f6ket arr\u00f3l, hogy 2025. febru\u00e1rt\u00f3l sz\u00fcl\u0151i h\u00edrlevelet ind\u00edtunk, melynek c\u00e9lja a sz\u00fcl\u0151k\/gondvisel\u0151k folyamatos t\u00e1j\u00e9koztat\u00e1sa az iskol\u00e1ban zajl\u00f3 oktat\u00f3-nevel\u0151 &hellip; <\/p>\n","protected":false},"author":1,"featured_media":0,"parent":57,"menu_order":0,"comment_status":"closed","ping_status":"closed","template":"","meta":{"ngg_post_thumbnail":0,"footnotes":""},"class_list":["post-10475","page","type-page","status-publish","hentry"],"_links":{"self":[{"href":"http:\/\/www.eklg.hu\/index.php\/wp-json\/wp\/v2\/pages\/10475","targetHints":{"allow":["GET"]}}],"collection":[{"href":"http:\/\/www.eklg.hu\/index.php\/wp-json\/wp\/v2\/pages"}],"about":[{"href":"http:\/\/www.eklg.hu\/index.php\/wp-json\/wp\/v2\/types\/page"}],"author":[{"embeddable":true,"href":"http:\/\/www.eklg.hu\/index.php\/wp-json\/wp\/v2\/users\/1"}],"replies":[{"embeddable":true,"href":"http:\/\/www.eklg.hu\/index.php\/wp-json\/wp\/v2\/comments?post=10475"}],"version-history":[{"count":6,"href":"http:\/\/www.eklg.hu\/index.php\/wp-json\/wp\/v2\/pages\/10475\/revisions"}],"predecessor-version":[{"id":10488,"href":"http:\/\/www.eklg.hu\/index.php\/wp-json\/wp\/v2\/pages\/10475\/revisions\/10488"}],"up":[{"embeddable":true,"href":"http:\/\/www.eklg.hu\/index.php\/wp-json\/wp\/v2\/pages\/57"}],"wp:attachment":[{"href":"http:\/\/www.eklg.hu\/index.php\/wp-json\/wp\/v2\/media?parent=10475"}],"curies":[{"name":"wp","href":"https:\/\/api.w.org\/{rel}","templated":true}]}}